{"id":4653,"date":"2022-02-17T15:27:37","date_gmt":"2022-02-17T15:27:37","guid":{"rendered":"http:\/\/medirferrer.com\/servicio-proveedores\/"},"modified":"2026-02-04T12:43:43","modified_gmt":"2026-02-04T12:43:43","slug":"als-nostres-proveidors","status":"publish","type":"page","link":"https:\/\/medirferrer.com\/ca\/als-nostres-proveidors\/","title":{"rendered":"Als nostres prove\u00efdors"},"content":{"rendered":"","protected":false},"excerpt":{"rendered":"","protected":false},"author":1,"featured_media":0,"parent":0,"menu_order":0,"comment_status":"closed","ping_status":"closed","template":"page-ferreralimentacion.php","meta":{"footnotes":""},"class_list":["post-4653","page","type-page","status-publish","hentry"],"yoast_head":"<!-- This site is optimized with the Yoast SEO plugin v27.2 - https:\/\/yoast.com\/product\/yoast-seo-wordpress\/ -->\n<title>Als nostres prove\u00efdors - Medir Ferrer<\/title>\n<meta name=\"description\" content=\"Posem tota la nostra experi\u00e8ncia en el mercat espanyol i els nostres coneixements t\u00e8cnics al servei dels nostres prove\u00efdors\" \/>\n<meta name=\"robots\" content=\"index, follow, max-snippet:-1, max-image-preview:large, max-video-preview:-1\" \/>\n<link rel=\"canonical\" href=\"https:\/\/medirferrer.com\/ca\/als-nostres-proveidors\/\" \/>\n<meta property=\"og:locale\" content=\"ca_ES\" \/>\n<meta property=\"og:type\" content=\"article\" \/>\n<meta property=\"og:title\" content=\"Als nostres prove\u00efdors - Medir Ferrer\" \/>\n<meta property=\"og:description\" content=\"Posem tota la nostra experi\u00e8ncia en el mercat espanyol i els nostres coneixements t\u00e8cnics al servei dels nostres prove\u00efdors\" \/>\n<meta property=\"og:url\" content=\"https:\/\/medirferrer.com\/ca\/als-nostres-proveidors\/\" \/>\n<meta property=\"og:site_name\" content=\"Medir Ferrer\" \/>\n<meta property=\"article:modified_time\" content=\"2026-02-04T12:43:43+00:00\" \/>\n<meta name=\"twitter:card\" content=\"summary_large_image\" \/>\n<script type=\"application\/ld+json\" class=\"yoast-schema-graph\">{\"@context\":\"https:\/\/schema.org\",\"@graph\":[{\"@type\":\"WebPage\",\"@id\":\"https:\/\/medirferrer.com\/ca\/als-nostres-proveidors\/\",\"url\":\"https:\/\/medirferrer.com\/ca\/als-nostres-proveidors\/\",\"name\":\"Als nostres prove\u00efdors - Medir Ferrer\",\"isPartOf\":{\"@id\":\"https:\/\/medirferrer.com\/#website\"},\"datePublished\":\"2022-02-17T15:27:37+00:00\",\"dateModified\":\"2026-02-04T12:43:43+00:00\",\"description\":\"Posem tota la nostra experi\u00e8ncia en el mercat espanyol i els nostres coneixements t\u00e8cnics al servei dels nostres prove\u00efdors\",\"inLanguage\":\"ca\",\"potentialAction\":[{\"@type\":\"ReadAction\",\"target\":[\"https:\/\/medirferrer.com\/ca\/als-nostres-proveidors\/\"]}]},{\"@type\":\"WebSite\",\"@id\":\"https:\/\/medirferrer.com\/#website\",\"url\":\"https:\/\/medirferrer.com\/\",\"name\":\"Medir Ferrer\",\"description\":\"En Medir Ferrer ofrecemos soluciones integrales en los procesos industriales, una completa gama de productos y una capacidad de distribuci\u00f3n y servicio especializados.\",\"potentialAction\":[{\"@type\":\"SearchAction\",\"target\":{\"@type\":\"EntryPoint\",\"urlTemplate\":\"https:\/\/medirferrer.com\/?s={search_term_string}\"},\"query-input\":{\"@type\":\"PropertyValueSpecification\",\"valueRequired\":true,\"valueName\":\"search_term_string\"}}],\"inLanguage\":\"ca\"}]}<\/script>\n<!-- \/ Yoast SEO plugin. -->","yoast_head_json":{"title":"Als nostres prove\u00efdors - Medir Ferrer","description":"Posem tota la nostra experi\u00e8ncia en el mercat espanyol i els nostres coneixements t\u00e8cnics al servei dels nostres prove\u00efdors","robots":{"index":"index","follow":"follow","max-snippet":"max-snippet:-1","max-image-preview":"max-image-preview:large","max-video-preview":"max-video-preview:-1"},"canonical":"https:\/\/medirferrer.com\/ca\/als-nostres-proveidors\/","og_locale":"ca_ES","og_type":"article","og_title":"Als nostres prove\u00efdors - Medir Ferrer","og_description":"Posem tota la nostra experi\u00e8ncia en el mercat espanyol i els nostres coneixements t\u00e8cnics al servei dels nostres prove\u00efdors","og_url":"https:\/\/medirferrer.com\/ca\/als-nostres-proveidors\/","og_site_name":"Medir Ferrer","article_modified_time":"2026-02-04T12:43:43+00:00","twitter_card":"summary_large_image","schema":{"@context":"https:\/\/schema.org","@graph":[{"@type":"WebPage","@id":"https:\/\/medirferrer.com\/ca\/als-nostres-proveidors\/","url":"https:\/\/medirferrer.com\/ca\/als-nostres-proveidors\/","name":"Als nostres prove\u00efdors - Medir Ferrer","isPartOf":{"@id":"https:\/\/medirferrer.com\/#website"},"datePublished":"2022-02-17T15:27:37+00:00","dateModified":"2026-02-04T12:43:43+00:00","description":"Posem tota la nostra experi\u00e8ncia en el mercat espanyol i els nostres coneixements t\u00e8cnics al servei dels nostres prove\u00efdors","inLanguage":"ca","potentialAction":[{"@type":"ReadAction","target":["https:\/\/medirferrer.com\/ca\/als-nostres-proveidors\/"]}]},{"@type":"WebSite","@id":"https:\/\/medirferrer.com\/#website","url":"https:\/\/medirferrer.com\/","name":"Medir Ferrer","description":"En Medir Ferrer ofrecemos soluciones integrales en los procesos industriales, una completa gama de productos y una capacidad de distribuci\u00f3n y servicio especializados.","potentialAction":[{"@type":"SearchAction","target":{"@type":"EntryPoint","urlTemplate":"https:\/\/medirferrer.com\/?s={search_term_string}"},"query-input":{"@type":"PropertyValueSpecification","valueRequired":true,"valueName":"search_term_string"}}],"inLanguage":"ca"}]}},"_links":{"self":[{"href":"https:\/\/medirferrer.com\/ca\/wp-json\/wp\/v2\/pages\/4653","targetHints":{"allow":["GET"]}}],"collection":[{"href":"https:\/\/medirferrer.com\/ca\/wp-json\/wp\/v2\/pages"}],"about":[{"href":"https:\/\/medirferrer.com\/ca\/wp-json\/wp\/v2\/types\/page"}],"author":[{"embeddable":true,"href":"https:\/\/medirferrer.com\/ca\/wp-json\/wp\/v2\/users\/1"}],"replies":[{"embeddable":true,"href":"https:\/\/medirferrer.com\/ca\/wp-json\/wp\/v2\/comments?post=4653"}],"version-history":[{"count":2,"href":"https:\/\/medirferrer.com\/ca\/wp-json\/wp\/v2\/pages\/4653\/revisions"}],"predecessor-version":[{"id":5165,"href":"https:\/\/medirferrer.com\/ca\/wp-json\/wp\/v2\/pages\/4653\/revisions\/5165"}],"wp:attachment":[{"href":"https:\/\/medirferrer.com\/ca\/wp-json\/wp\/v2\/media?parent=4653"}],"curies":[{"name":"wp","href":"https:\/\/api.w.org\/{rel}","templated":true}]}}

Als nostres proveïdors

<!-- This site is optimized with the Yoast SEO plugin v27.2 - https://yoast.com/product/yoast-seo-wordpress/ -->
<title>Als nostres proveïdors - Medir Ferrer</title>
<meta name="description" content="Posem tota la nostra experiència en el mercat espanyol i els nostres coneixements tècnics al servei dels nostres proveïdors" />
<meta name="robots" content="index, follow, max-snippet:-1, max-image-preview:large, max-video-preview:-1" />
<link rel="canonical" href="https://medirferrer.com/ca/als-nostres-proveidors/" />
<meta property="og:locale" content="ca_ES" />
<meta property="og:type" content="article" />
<meta property="og:title" content="Als nostres proveïdors - Medir Ferrer" />
<meta property="og:description" content="Posem tota la nostra experiència en el mercat espanyol i els nostres coneixements tècnics al servei dels nostres proveïdors" />
<meta property="og:url" content="https://medirferrer.com/ca/als-nostres-proveidors/" />
<meta property="og:site_name" content="Medir Ferrer" />
<meta property="article:modified_time" content="2026-02-04T12:43:43+00:00" />
<meta name="twitter:card" content="summary_large_image" />
<script type="application/ld+json" class="yoast-schema-graph">{"@context":"https://schema.org","@graph":[{"@type":"WebPage","@id":"https://medirferrer.com/ca/als-nostres-proveidors/","url":"https://medirferrer.com/ca/als-nostres-proveidors/","name":"Als nostres proveïdors - Medir Ferrer","isPartOf":{"@id":"https://medirferrer.com/#website"},"datePublished":"2022-02-17T15:27:37+00:00","dateModified":"2026-02-04T12:43:43+00:00","description":"Posem tota la nostra experiència en el mercat espanyol i els nostres coneixements tècnics al servei dels nostres proveïdors","inLanguage":"ca","potentialAction":[{"@type":"ReadAction","target":["https://medirferrer.com/ca/als-nostres-proveidors/"]}]},{"@type":"WebSite","@id":"https://medirferrer.com/#website","url":"https://medirferrer.com/","name":"Medir Ferrer","description":"En Medir Ferrer ofrecemos soluciones integrales en los procesos industriales, una completa gama de productos y una capacidad de distribución y servicio especializados.","potentialAction":[{"@type":"SearchAction","target":{"@type":"EntryPoint","urlTemplate":"https://medirferrer.com/?s={search_term_string}"},"query-input":{"@type":"PropertyValueSpecification","valueRequired":true,"valueName":"search_term_string"}}],"inLanguage":"ca"}]}</script>
<!-- / Yoast SEO plugin. -->

Als nostres proveïdors - Medir Ferrer

Posem tota la nostra experiència en el mercat espanyol i els nostres coneixements tècnics al servei dels nostres proveïdors

En Medir Ferrer ofrecemos soluciones integrales en los procesos industriales, una completa gama de productos y una capacidad de distribución y servicio especializados.
